 a composite number?
True
Is 143984521 composite?
True
Is 2227513237 composite?
False
Is 1999599421 a composite number?
False
Is 14099839867 prime?
True
Is 13849328803 a composite number?
True
Is 1543947473 a composite number?
True
Is 136303631741 composite?
False
Is 24385716227 prime?
False
Is 201728909359 a composite number?
True
Is 372746657 prime?
False
Is 13574485439 a composite number?
False
Is 27184827013 prime?
True
Is 2330885741 a composite number?
False
Is 343029721 a prime number?
True
Is 50637698213 a composite number?
True
Is 90581609 a prime number?
True
Is 10290097 prime?
False
Is 12831683299 a prime number?
False
Is 7908422147 composite?
True
Is 1456384663 prime?
True
Is 1271030107 a prime number?
True
Is 1903369262 prime?
False
Is 465302231 a prime number?
False
Is 59645863423 a composite number?
False
Is 1361301133 a prime number?
True
Is 105860670857 a composite number?
True
Is 4938099329 prime?
True
Is 3875375953 a prime number?
False
Is 778797889 a composite number?
False
Is 44108283721 composite?
False
Is 329028607 prime?
False
Is 13174921979 a prime number?
False
Is 181807113281 a prime number?
False
Is 18620425331 composite?
False
Is 17791042253 composite?
False
Is 58839497417 a prime number?
True
Is 25712606483 composite?
True
Is 3256904747 a prime number?
False
Is 3596796209 composite?
False
Is 380593369 composite?
True
Is 24178938463 a composite number?
True
Is 6310331369 a prime number?
True
Is 189371471 prime?
True
Is 14539341203 a prime number?
False
Is 4394126383 a composite number?
True
Is 293352421 a prime number?
True
Is 23696154109 a prime number?
True
Is 55674429689 a prime number?
True
Is 2188031698 composite?
True
Is 5435773463 a composite number?
True
Is 53443555591 composite?
True
Is 6444821779 a prime number?
False
Is 7573119923 a composite number?
True
Is 8726696621 a composite number?
False
Is 5782917247 prime?
True
Is 1826218927 prime?
False
Is 194713264099 a composite number?
False
Is 5134378651 prime?
False
Is 108893019907 prime?
False
Is 3631388557 composite?
True
Is 32736897317 composite?
True
Is 96379672169 composite?
True
Is 232269539 prime?
True
Is 3252712091 composite?
False
Is 2519006551 a composite number?
True
Is 71854424471 a prime number?
True
Is 28887767 a prime number?
True
Is 53271171959 prime?
True
Is 2471861323 a composite number?
False
Is 70825129 a composite number?
True
Is 3716876557 a prime number?
True
Is 4147582831 prime?
False
Is 8051583391 a composite number?
True
Is 1210280791 a prime number?
False
Is 217613368909 a composite number?
True
Is 34953062311 a prime number?
False
Is 7048096043 a prime number?
False
Is 2392813439 a composite number?
False
Is 2383661309 prime?
True
Is 3189423859 a composite number?
False
Is 109828514 prime?
False
Is 10224631843 a composite number?
False
Is 183555050918 prime?
False
Is 159929981 prime?
True
Is 1163637019 a prime number?
True
Is 29946970763 a composite number?
True
Is 14614939733 prime?
False
Is 1175274103 prime?
False
Is 4924795549 composite?
True
Is 144762719 prime?
True
Is 5339801749 a composite number?
False
Is 1246439993 composite?
False
Is 91660855687 a composite number?
True
Is 101090858819 a composite number?
True
Is 31615321819 a composite number?
True
Is 126789417283 a prime number?
False
Is 808393181 composite?
False
Is 3408626281 composite?
False
Is 23725099 a prime number?
True
Is 6230501 a prime number?
True
Is 16376045891 composite?
True
Is 1090633597 prime?
True
Is 4173368923 a composite number?
True
Is 3141815857 a prime number?
True
Is 20998593311 composite?
True
Is 53528651 prime?
False
Is 19184287883 a prime number?
True
Is 78339785119 prime?
True
Is 8532911683 prime?
True
Is 822776077 a composite number?
False
Is 315497353 a prime number?
False
Is 30642505 composite?
True
Is 5290799429 prime?
False
Is 27772645541 a composite number?
False
Is 2544738681 prime?
False
Is 18344743399 a prime number?
False
Is 9824742929 a prime number?
False
Is 50249697871 composite?
True
Is 2901624287 a prime number?
True
Is 20068070566 a composite number?
True
Is 837128873 composite?
True
Is 87307283 prime?
False
Is 2791967223 prime?
False
Is 5284150759 composite?
False
Is 4902707857 prime?
True
Is 2356758571 composite?
True
Is 80626715879 prime?
True
Is 1060369933 a prime number?
False
Is 2540439449 composite?
False
Is 1137229711 prime?
False
Is 69743065193 a composite number?
False
Is 192658663 composite?
False
Is 8541710657 prime?
True
Is 314571494951 prime?
False
Is 1496493653 a composite number?
True
Is 28561962853 a prime number?
True
Is 193032911 prime?
False
Is 4196433919 prime?
True
Is 53990450851 prime?
True
Is 184751719 a prime number?
True
Is 217273469354 composite?
True
Is 14402657651 prime?
False
Is 3069545117 prime?
False
Is 1669875635 prime?
False
Is 437494121 a prime number?
False
Is 223217274109 a prime number?
False
Is 18206142067 a prime number?
True
Is 278824561 composite?
True
Is 609771143 composite?
False
Is 9119964791 prime?
False
Is 7931520083 a composite number?
False
Is 206425283 a composite number?
True
Is 537828427 prime?
True
Is 6497558623 prime?
True
Is 36366826019 composite?
False
Is 99362569477 prime?
False
Is 12146314177 prime?
True
Is 24251375723 a prime number?
True
Is 5168317477 composite?
True
Is 5842854449 a composite number?
False
Is 12627752741 prime?
False
Is 1389333703 a composite number?
False
Is 8146117249 a prime number?
False
Is 42909704653 a composite number?
False
Is 340887263 composite?
False
Is 12705281117 prime?
False
Is 1501583231 a composite number?
False
Is 708328633435 a prime number?
False
Is 10676248406 a composite number?
True
Is 107123901 prime?
False
Is 5415954043 a prime number?
True
Is 257785607 composite?
True
Is 115740515333 a prime number?
False
Is 156986068817 a prime number?
True
Is 6013673923 composite?
True
Is 1259395493 prime?
True
Is 32416412087 prime?
False
Is 8812238521 a composite number?
False
Is 62544609177 composite?
True
Is 239629898 prime?
False
Is 595546397 a prime number?
False
Is 2576408657 prime?
True
Is 1842961899 composite?
True
Is 164580769 a prime number?
False
Is 161485489 prime?
False
Is 71662273619 composite?
False
Is 4658970497 prime?
True
Is 32024270893 prime?
True
Is 2165093003 prime?
True
Is 165834067151 a composite number?
False
Is 1527771383 a composite number?
False
Is 3106590163 a composite number?
False
Is 1002951749 prime?
True
Is 636136463 a composite number?
False
Is 63893948761 composite?
False
Is 41420822843 a prime number?
False
Is 829414981 prime?
True
Is 13039120961 composite?
True
Is 29767011361 composite?
False
Is 26093888903 prime?
True
Is 649537531 a composite number?
True
Is 10094984233 a prime number?
True
Is 3307782613 a composite number?
False
Is 142228029949 composite?
False
Is 23320107047 a prime number?
True
Is 1771428991 a prime number?
False
Is 1315559191 prime?
True
Is 52195068242 prime?
False
Is 51213971509 composite?
False
Is 8017469 a prime number?
False
Is 1766028526 a composite number?
True
Is 1865076743 a composite number?
False
Is 18731589973 a prime number?
False
Is 1691330687 a composite number?
False
Is 4207446169 a prime number?
False
Is 6008918563 a composite number?
False
Is 639927839 prime?
False
Is 701366567 a prime number?
False
Is 925336457 composite?
False
Is 419878649 prime?
True
Is 3600336329 prime?
False
Is 1071062093 composite?
False
Is 1246571 composite?
True
Is 2848274123 a composite number?
False
Is 16332922526 composite?
True
Is 901391483 a prime number?
False
Is 8258364893 a prime number?
False
Is 82574288543 prime?
False
Is 2824218469 prime?
False
Is 542829223 composite?
True
Is 4249738783 prime?
True
Is 353775521 a prime number?
False
Is 125029349 prime?
False
Is 39418913 prime?
True
Is 143252873189 a prime number?
True
Is 20489332289 composite?
False
Is 4047410443 composite?
True
Is 8416983097 prime?
True
Is 2346529243 a prime number?
True
Is 4349464999 a composite number?
True
Is 627853111 a prime number?
False
Is 199766447 prime?
True
Is 11613067831 prime?
True
Is 1758817293 composite?
True
Is 2427113807 a prime number?
False
Is 4398444451 a prime number?
True
Is 2983084777 composite?
True
Is 366615778505 a prime number?
False
Is 5208975437 prime?
False
Is 211380443 a composi